-51).
5
What is the value of -37704 + 37782 + 0 + 0 + -2 + 4 + -10?
70
Calculate (-2 - 6 - (80 - 8)) + -75 + 66 - 1.
-90
Calculate -12 + 1 + -1 + 61 + 1.
50
What is the value of 511 - 516 - (-7 - 2)?
4
Calculate 34 + (-3 + 24 + -11 - 23) - 45.
-24
12271 - 12104 - (139 - -1)
27
Calculate -36 - (-62 - -66 - (0 - -4)) - -4.
-32
8 - (13 + (2 - 15) - 1) - (3 + 38)
-32
What is the value of (1 - 0) + (-65 - (-59 + 30))?
-35
Calculate -15 + -4 + (12 - 30) + -8.
-45
What is -2 - (13 - 11) - (-39 - (10 - 14))?
31
What is 7 - (-9 - ((-18 - -14) + -28 + -13))?
-29
What is the value of -10 + (-1 - ((-1 - -8) + (-19 - (3 - -15))))?
19
What is -16 + 19 + (-19 - (-1 - 11)) + -7?
-11
-1 + 0 + -2 + (22 - (-16 - -108 - 27))
-46
Evaluate -35 + -48 + (-3 - -8).
-78
Evaluate 41 + 18 + -38 + -11 + -1 + -3.
6
9 + (-63 + 51 + 0 + -36 - -10)
-29
Calculate 8 + (37 - 67) + 3 + -4.
-23
-3 + -22 + -25 - -48
-2
Evaluate 0 + 11 + -35 + 64 + -33.
7
Calculate 21 + (-77 - -50 - -29).
23
(0 - -29) + -64 + (-25 - -73)
13
What is 38 + (-2 - -1) + (-55 + 167 - 109)?
40
28 - (74 - 60 - (-2 - -17))
29
What is the value of -171 + (68 - (68 - 109))?
-62
What is 18 + (6 + -1 - (-36 - 0 - 6))?
65
What is -80 - (-118 + 90) - -134?
82
4 + 0 - (72 - (-289 + 420))
63
(26 - 3) + (9 - (-18 - (20 + -32)))
38
What is the value of (-30 - (24 - 37)) + 2 - (-2 + 2)?
-15
31 + 1 + (0 - 13) + 0 + 4 + 5
28
What is -3 - -10 - -2 - (-11 + -23 + 40)?
3
-107 + (7 + (24 + -11 + -27 - -13) - -4)
-97
(2 + -67 - (0 + 3 + 5)) + -8
-81
(-62 + -2 - -43) + -40
-61
What is the value of 7 - ((-2 - -2) + (-265 - -309))?
-37
What is -2 + (0 - -2 - 4) + -1 + -83 + 68?
-20
Calculate -1 - ((-24 - -10 - 1) + 24 + (-2 - -23)).
-31
Evaluate (-10 + (10 - (17 - 13)) - -89) + -2 + -3.
80
Calculate (2 - (2 - 106)) + 46 + (-45 - (-24 + 10)).
121
What is -75 - (16 + -2 + (3 - (-31 - -28)))?
-95
What is the value of -69 - (-3 + (28 - 38))?
-56
What is -111 - (22 - (-11 + 34 + -4 - 16))?
-130
Calculate -3 - (11 + -117 + 89).
14
What is (119 + -146 - 48) + 130?
55
Calculate -33 + 6 + (-14 - (-11 + 6 + 1)).
-37
Evaluate 12 - -43 - (-23 - -65).
13
What is the value of (-8 - -3) + -1 + (94 - 86) + -56 + -4?
-58
What is 42 - (9 - (40 - (-16 + 53)))?
36
-40 + (9 - (24 + 4 + -9))
-50
What is the value of 5 + -13 + -5 - (-1 - 13)?
1
What is (34 + -7 - 18) + (-32 - -2 - (2 + 0))?
-23
What is -3 - (19 - -39) - (-69 - -36)?
-28
Evaluate 61 - ((80 - 65) + -2 + 2 + -20).
66
Evaluate 174 + -8 - (5 + 69).
92
Calculate 0 + 21 + (2585 - 2571).
35
Calculate 24 + (70 - (61 - 9)).
42
What is the value of 60 + -24 - (-113 - -231)?
-82
Evaluate (0 - 19) + -234 + 251 - (4 + 0 + 4).
-10
What is -24 - (29 + -29 + 37) - (-2 + (-3 - 3))?
-53
What is -4 + (-15 + -1 - (17 + (8 - 30) + -33))?
18
Evaluate (-10 - -19 - 31) + 27 + 79.
84
Calculate (12 + 0 - (434 + -424)) + 24.
26
What is the value of -11 + (-23 - 1) - -74?
39
What is 14 + -33 - (32 + 19) - 1?
-71
Calculate (9 - 14) + -6 - (-42 + -7 - 6).
44
What is the value of 7 + -11 + 0 + 632 + -646 - -72?
54
Calculate (-1 - 11) + -6 + 3 + 0 + (640 - 739).
-114
Calculate -40 + 1 + -1 + (-1697 + 1723 - (32 - 0)).
-46
Evaluate (5011 - 5018 - (17 + 0 + 0)) + 8.
-16
Calculate (-21 - (-8 + 18)) + 19 + -6 + 34.
16
What is the value of (59 - 12) + (-1 + -2 - (-5 + 14))?
35
Calculate (10 - -77) + (-211 - -176).
52
What is the value of -73 + (-1 + 16 - (25 + -17 + -7))?
-59
Evaluate 13 - 1 - ((-11 - -31 - 13 - 4) + 0).
9
29 + 11 + (-9 - -66) + -26
71
(-94 - -52 - -16) + 50
24
(2 - 22) + -11 - (-11 + -18)
-2
Calculate (0 - -41) + 19 + -56 + 13.
17
What is -36 + 136 + -51 - 75?
-26
What is the value of 20 + (2 - (0 + 0)) + (69 - 86)?
5
Calculate -30 - (-13 + 19 + (-12 - -12) + (-2 - -10)).
-44
What is -5 - (-17 - -38 - 14) - 34?
-46
Evaluate -7 + -1 + 0 + 148 + -78 + -58.
4
Calculate 38 + 17 + -23 + -35 + -17.
-20
Calculate -67 + (-12 - -10) + -13 + (5 - (2 + 2)).
-81
What is the value of -8 + -30 + (1 + -3 - (2 - 6))?
-36
What is the value of (245 - 257) + (-61 - (-3 - 0))?
-70
What is -192 + 18 - (161 + -277)?
-58
What is the value of -10 + (44 - (4 - (-8 - (6 + -7))))?
23
Calculate 36 + -93 + 44 - (0 - 32).
19
What is the value of 10 + 0 + -6 + (-21 - 6)?
-23
Evaluate 2497 + -2502 + (46 - 2).
39
Evaluate 3 - ((-20 + 2 - -11) + -31).
41
Calculate -36 + 63 + -73 - -24.
-22
What is the value of 0 + -16 + (-1 - (-3 + 1)) + (840 - 876)?
-51
Evaluate -18 + 8 - 1 - (-7 + 18 + -11).
-11
-56 - (-8 + -116 + 45)
23
Evaluate -4 + 9 + -7 + (4 + 14 - 22).
-6
Calculate (12 - (7 - 7)) + 3 + 1.
16
Evaluate (-51 - (73 + -121)) + 89.
86
What is the value of -47 + 43 + -7 + -1 + 5 - 41?
-48
What is (-22 - -7) + (60 - (11 + -11)) + 1?
46
Calculate 0 - 4 - (29 - (-19 + 43)) - -4 - 3.
-8
(54 + -10 - 48) + 109 + -1 - 10
94
What is 17 + -20 + (7 - 3) + 30?
31
Calculate (-57 + -32 - -15) + 119.
45
What is the value of 883 + -943 + (-6 - -100)?
34
What is -1 + 24 - (55 + (28 - 2))?
-58
Calculate -74 + -20 + 1 + -8 + 7 - -7.
-87
What is (64 - (57 - 32)) + -79 + -1?
-41
What is (1 - -3) + (-30 + 27 - -14) + 9?
24
What is the value of -71 - -60 - ((3 - 10) + 0 + -1 + -92)?
89
-27 - (-18 - -1 - (-266 - -222))
-54
Calculate 12 + -65 + (3 + -10 - 4) - -11.
-53
-15 + 37 + (-2 - 7) + -9
4
What is the value of (-7 - -8) + -7 + -11 + 49?
32
What is (-9 - -120) + 6 + (72 - 79)?
110
Evaluate (40 - 48) + (10 - (30 + -11)).
-17
What is -13 - (11 + (-22 - -14)) - 24?
-40
What is the value of -83 - (84 + -44 - 49)?
-74
What is the value of 3 - 2 - -22 - (0 - 22 - (73 + -101))?
17
What is -3675 - -3764 - (-1 + -1 + 40)?
51
-1198 + 1346 - (19 + 10)
119
What is 16 + (-10 - 20 - -44)?
30
Evaluate (-1271 - -1319) + (-10 - 0).
38
Calculate (-35 - 0) + (-739 - -777) - (1 - (1 + -40)).
-37
What is the value of -4 + -57 + 1 + -18 + 21 + -2?
-59
What is 85 - 79 - (4 + 5 + (-3 - 5))?
5
What is (-949 - -976) + -24 + 1 + -2 + 52 - 6?
48
What is (-284 - -265) + -76 + (8 - (-4 - -10))?
-93
What is the value of -3593 - -3599 - ((-9 - 0 - -2) + 3) - 9?
1
Calculate 9 - (0 + -2 + 43 + (-24 - -12)).
-20
Evaluate -56 + -25 + 21 - -53.
-7
What is -14 + (22 - (-11 - -23) - 23)?
-27
What is 3 - 3 - 42 - ((-10 - -1) + 7)?
-40
-43 + 53 - (1 + 22 - (-68 + 60))
-21
Calculate (21 - (42 + -45)) + -32.
-8
What is the value of 5 + (-15 - -1) + (8 - 38)?
-39
What is the value of -228 + 296 - (54 - 12)?
26
(31 - 38) + (-16 - (-35 - 2))
14
What is (-44 - 34) + 115 + -51?
-14
Calculate 63 + (26 - -49) + -91.
47
What is the value of 0 + (3 - 4) - (38 - 78)?
39
What is the value of (10 - -2) + (36 - 23) + 13 + -27?
11
Calculate 10 + -12 + -6 - (20 + 0).
-28
Evaluate -20 + -14 + 3 + (90 - 72) - (2 + -3).
-12
What is -131 + (-22 - (-27 + 2)) + 0 + 3 + 7?
-118
Evaluate 8 - (8 + (-32 - 2) + -27 + 27 + 4).
30
Calculate 2 - ((82 - (23 + 8)) + -16 - (-13 - -1)).
-45
What is the value of 36 + (-16 - -28) + -1?
47
5 - (16 + 1) - -5 - (3 + 34) - -7
-37
Calculate 1 + -5 + -2 - (-7 + -3 - 6).
10
Evaluate 2513 - 2446 - (2 + 70).
-5
What is 3 + 2 + 12 + 26 + -21?
22
Evaluate 0 + (4 + -14 - -5) + (-1 - -8) + -55.
-53
Evaluate -8 - (61 + -11 + -42) - (1 + -19).
2
-13 - (19 + 3 + -23 - (-2 - 0))
-14
What is the value of (-15 - (-37 - (-13 - -28))) + -3 + 6?
40
29 - (24 + (-33 - -25)) - -55
68
Calculate 1 + -7 + (15 - (-20 - (-20 - -11))).
20
Evaluate -40 + 16 + -10 + 2 + 18 - 36.
-50
What is the value of 7 - ((2192 - 2152) + 0 + 8 + 2)?
-43
Calculate (-6 - 16) + 53 - (13 - 77).
95
14 + -7 + (13 - 41) + (-6 - 1)
-28
What is -45 - (34 - (-18 + 58)) - -15?
-24
What is the value of -133 + 173 + -31 + -43 + 0 + 1 + -1?
-34
What is the value of -10 - (-10 + 24 + 12) - -16?
-20
Evaluate -54 - 0 - (56 + (7 - 37) + -20).
-60
Calculate -9 - (-5 + 11 - 11) - (-28 - -19 - 5).
10
What is 5 + 42 - (53 - 32)?
26
(6915 - 6930) + (-1 - (-2 - -9))
-23
Evaluate (-45 - -42 - (4 - 7)) + (17 - -3).
20
Evaluate -42 - (7 - 32) - 15.
-32
What is (-51 - 20) + (-2 - -8) + (2 - (-5 + 4))?
-62
What is (-2 - (4 - 12)) + 0 - (-157 - -143)?
20
Calculate -64 + -2 + -2 + (43 - (-9 + 53) - 3).
-72
What is the value of -8 + (27 + -5 - 16) - -2?
0
Evaluate -3 + (-26 - (-7 + 5 + -1)) + -2.
-28
What is (2 + 22 - 8) + -13 - (1 - (-8 + -1))?
-7
(-5 - -14 - (1 + -1)) + (-254 - -274)
29
Calculate 0 + -20 - (48 + 13 + -117).
36
Evaluate 30 + (50 - 56) -